{"id":638,"date":"2025-02-27T10:59:22","date_gmt":"2025-02-27T09:59:22","guid":{"rendered":"http:\/\/kotlylawa.isnet.pl\/?page_id=638"},"modified":"2025-03-21T12:36:09","modified_gmt":"2025-03-21T11:36:09","slug":"kotly-wodne-uniwersalne-przemyslowe","status":"publish","type":"page","link":"http:\/\/www.kotlylawa.pl\/?page_id=638","title":{"rendered":"Kot\u0142y wodne uniwersalne przemys\u0142owe"},"content":{"rendered":"\t\t<div data-elementor-type=\"wp-page\" data-elementor-id=\"638\" class=\"elementor elementor-638\">\n\t\t\t\t<div class=\"elementor-element elementor-element-d2df164 e-grid e-con-boxed e-con e-parent\" data-id=\"d2df164\" data-element_type=\"container\">\n\t\t\t\t\t<div class=\"e-con-inner\">\n\t\t\t\t<div class=\"elementor-element elementor-element-f1547ec elementor-widget elementor-widget-text-editor\" data-id=\"f1547ec\" data-element_type=\"widget\" data-widget_type=\"text-editor.default\">\n\t\t\t\t<div class=\"elementor-widget-container\">\n\t\t\t\t\t\t\t\t\t<p>Kot\u0142y typu UKS-zN i UKS to grupa wysokiej jako\u015bci kot\u0142\u00f3w grzewczych przeznaczonych do wodnych instalacji.<br \/>Konstrukcja kot\u0142\u00f3w \u0142\u0105czy dwa typy kot\u0142\u00f3w w jeden uniwersalny tj. kocio\u0142 typu UKS z kot\u0142em typu LAWA. Dzi\u0119ki takiemu rozwi\u0105zaniu\u00a0 w kot\u0142ach typu UKS , a tak\u017ce dzi\u0119ki zastosowaniu nadmuchu (sterownik mikroprocesorowy i dmuchawa) mo\u017cna pali\u0107 groszkiem. Zabrania si\u0119 palenia koksem.<br \/>Eksploatacja kot\u0142a typu UKS polega na tradycyjnym paleniu- rozpalanie przy u\u017cyciu papieru i drewna oraz niewielkiej ilo\u015bci w\u0119gla, a nast\u0119pnie dok\u0142adanie w zale\u017cno\u015bci od potrzeb grzewczych. Kot\u0142y du\u017cej mocy mog\u0105 by\u0107 wykonane z zasypem czo\u0142owym lub g\u00f3rnym.<br \/>Konstrukcja kot\u0142\u00f3w typu UKS pozwala na spalanie odpad\u00f3w drewna i trocin przy wsp\u00f3\u0142pracy z automatycznym zespo\u0142em typu AZSO HAJN\u00d3WKA.<br \/><strong>Standardowo kot\u0142y od mocy 520kW do 1000kW wykonane s\u0105 z blachy o grubo\u015bci 8mm.<\/strong><\/p>\t\t\t\t\t\t\t\t<\/div>\n\t\t\t\t<\/div>\n\t\t\t\t<div class=\"elementor-element elementor-element-a89ca7d elementor-widget elementor-widget-image\" data-id=\"a89ca7d\" data-element_type=\"widget\" data-widget_type=\"image.default\">\n\t\t\t\t<div class=\"elementor-widget-container\">\n\t\t\t\t\t\t\t\t\t\t\t\t\t\t\t\t<a href=\"http:\/\/www.kotlylawa.pl\/wp-content\/uploads\/2025\/02\/Kociol_UKS_duzy_bez_AZSD.png\" data-elementor-open-lightbox=\"yes\" data-elementor-lightbox-title=\"Kociol_UKS_duzy_bez_AZSD\" data-e-action-hash=\"#elementor-action%3Aaction%3Dlightbox%26settings%3DeyJpZCI6NjQxLCJ1cmwiOiJodHRwOlwvXC93d3cua290bHlsYXdhLnBsXC93cC1jb250ZW50XC91cGxvYWRzXC8yMDI1XC8wMlwvS29jaW9sX1VLU19kdXp5X2Jlel9BWlNELnBuZyJ9\">\n\t\t\t\t\t\t\t<img loading=\"lazy\" decoding=\"async\" width=\"1024\" height=\"864\" src=\"http:\/\/www.kotlylawa.pl\/wp-content\/uploads\/2025\/02\/Kociol_UKS_duzy_bez_AZSD-1024x864.png\" class=\"attachment-large size-large wp-image-641\" alt=\"\" srcset=\"http:\/\/www.kotlylawa.pl\/wp-content\/uploads\/2025\/02\/Kociol_UKS_duzy_bez_AZSD-1024x864.png 1024w, http:\/\/www.kotlylawa.pl\/wp-content\/uploads\/2025\/02\/Kociol_UKS_duzy_bez_AZSD-300x253.png 300w, http:\/\/www.kotlylawa.pl\/wp-content\/uploads\/2025\/02\/Kociol_UKS_duzy_bez_AZSD-768x648.png 768w, http:\/\/www.kotlylawa.pl\/wp-content\/uploads\/2025\/02\/Kociol_UKS_duzy_bez_AZSD-1536x1296.png 1536w, http:\/\/www.kotlylawa.pl\/wp-content\/uploads\/2025\/02\/Kociol_UKS_duzy_bez_AZSD.png 1731w\" sizes=\"auto, (max-width: 1024px) 100vw, 1024px\" \/>\t\t\t\t\t\t\t\t<\/a>\n\t\t\t\t\t\t\t\t\t\t\t\t\t\t\t<\/div>\n\t\t\t\t<\/div>\n\t\t\t\t\t<\/div>\n\t\t\t\t<\/div>\n\t\t<div class=\"elementor-element elementor-element-9bc8b3c e-flex e-con-boxed e-con e-parent\" data-id=\"9bc8b3c\" data-element_type=\"container\">\n\t\t\t\t\t<div class=\"e-con-inner\">\n\t\t\t\t<div class=\"elementor-element elementor-element-a8fb3a2 elementor-widget elementor-widget-spacer\" data-id=\"a8fb3a2\" data-element_type=\"widget\" data-widget_type=\"spacer.default\">\n\t\t\t\t<div class=\"elementor-widget-container\">\n\t\t\t\t\t\t\t<div class=\"elementor-spacer\">\n\t\t\t<div class=\"elementor-spacer-inner\"><\/div>\n\t\t<\/div>\n\t\t\t\t\t\t<\/div>\n\t\t\t\t<\/div>\n\t\t\t\t<div class=\"elementor-element elementor-element-a167c05 elementor-widget elementor-widget-image\" data-id=\"a167c05\" data-element_type=\"widget\" data-widget_type=\"image.default\">\n\t\t\t\t<div class=\"elementor-widget-container\">\n\t\t\t\t\t\t\t\t\t\t\t\t\t\t\t<img loading=\"lazy\" decoding=\"async\" width=\"410\" height=\"120\" src=\"http:\/\/www.kotlylawa.pl\/wp-content\/uploads\/2025\/02\/AZSD_Paliwo.png\" class=\"attachment-large size-large wp-image-648\" alt=\"\" srcset=\"http:\/\/www.kotlylawa.pl\/wp-content\/uploads\/2025\/02\/AZSD_Paliwo.png 410w, http:\/\/www.kotlylawa.pl\/wp-content\/uploads\/2025\/02\/AZSD_Paliwo-300x88.png 300w\" sizes=\"auto, (max-width: 410px) 100vw, 410px\" \/>\t\t\t\t\t\t\t\t\t\t\t\t\t\t\t<\/div>\n\t\t\t\t<\/div>\n\t\t\t\t\t<\/div>\n\t\t\t\t<\/div>\n\t\t<div class=\"elementor-element elementor-element-56f7f1a e-flex e-con-boxed e-con e-parent\" data-id=\"56f7f1a\" data-element_type=\"container\">\n\t\t\t\t\t<div class=\"e-con-inner\">\n\t\t\t\t<div class=\"elementor-element elementor-element-4a02802 elementor-widget elementor-widget-spacer\" data-id=\"4a02802\" data-element_type=\"widget\" data-widget_type=\"spacer.default\">\n\t\t\t\t<div class=\"elementor-widget-container\">\n\t\t\t\t\t\t\t<div class=\"elementor-spacer\">\n\t\t\t<div class=\"elementor-spacer-inner\"><\/div>\n\t\t<\/div>\n\t\t\t\t\t\t<\/div>\n\t\t\t\t<\/div>\n\t\t\t\t<div class=\"elementor-element elementor-element-4a626d6 elementor-widget elementor-widget-image\" data-id=\"4a626d6\" data-element_type=\"widget\" data-widget_type=\"image.default\">\n\t\t\t\t<div class=\"elementor-widget-container\">\n\t\t\t\t\t\t\t\t\t\t\t\t\t\t\t<img loading=\"lazy\" decoding=\"async\" width=\"1024\" height=\"315\" src=\"http:\/\/www.kotlylawa.pl\/wp-content\/uploads\/2025\/03\/ZUM-BANER-1024x315.png\" class=\"attachment-large size-large wp-image-791\" alt=\"\" srcset=\"http:\/\/www.kotlylawa.pl\/wp-content\/uploads\/2025\/03\/ZUM-BANER-1024x315.png 1024w, http:\/\/www.kotlylawa.pl\/wp-content\/uploads\/2025\/03\/ZUM-BANER-300x92.png 300w, http:\/\/www.kotlylawa.pl\/wp-content\/uploads\/2025\/03\/ZUM-BANER-768x236.png 768w, http:\/\/www.kotlylawa.pl\/wp-content\/uploads\/2025\/03\/ZUM-BANER.png 1108w\" sizes=\"auto, (max-width: 1024px) 100vw, 1024px\" \/>\t\t\t\t\t\t\t\t\t\t\t\t\t\t\t<\/div>\n\t\t\t\t<\/div>\n\t\t\t\t\t<\/div>\n\t\t\t\t<\/div>\n\t\t<div class=\"elementor-element elementor-element-94abece e-con-full e-flex e-con e-parent\" data-id=\"94abece\" data-element_type=\"container\">\n\t\t\t\t<div class=\"elementor-element elementor-element-67a2bdf elementor-widget elementor-widget-spacer\" data-id=\"67a2bdf\" data-element_type=\"widget\" data-widget_type=\"spacer.default\">\n\t\t\t\t<div class=\"elementor-widget-container\">\n\t\t\t\t\t\t\t<div class=\"elementor-spacer\">\n\t\t\t<div class=\"elementor-spacer-inner\"><\/div>\n\t\t<\/div>\n\t\t\t\t\t\t<\/div>\n\t\t\t\t<\/div>\n\t\t\t\t<div class=\"elementor-element elementor-element-68d95fa elementor-widget elementor-widget-html\" data-id=\"68d95fa\" data-element_type=\"widget\" data-widget_type=\"html.default\">\n\t\t\t\t<div class=\"elementor-widget-container\">\n\t\t\t\t\t<div class=\"story\">\n\t<table class=\"tabela-1\">\n\t\t<thead>\n\t\t\t<tr>\n\t\t\t\t<th>L.p.<\/th>\n\t\t\t\t<th colspan=\"2\">Wyszczeg\u00f3lnienie<\/th>\n\t\t\t\t<th>Jedn.<\/th>\n\t\t\t\t<th colspan=\"17\">Wielko\u015b\u0107 kot\u0142a<\/th>\n\t\t\t<\/tr>\n\t\t<\/thead>\n\t\t <style>\n        table {\n            width: 100%;\n            border-collapse: collapse;\n            font-family: Arial, sans-serif;\n        }\n        th, td {\n            border: 2px solid #ddd;\n            padding: 10px;\n            text-align: center;\n        }\n        th {\n            background-color: #f2f2f2;\n        }\n        tr:nth-child(even) {\n            background-color: #f9f9f9;\n        }\n    <\/style>\n\t\t<tbody>\n\t\t\t<tr>\n\t\t\t\t<td>1.<\/td>\n\t\t\t\t<td colspan=\"2\">Typ kot\u0142a<\/td>\n\t\t\t\t<td><\/td>\n\t\t\t\t<td colspan=\"7\">UKS<\/td>\n\t\t\t<\/tr>\n\t\t\t<tr>\n\t\t\t\t<td>2.<\/td>\n\t\t\t\t<td colspan=\"2\">Moc cieplna znamionowa<\/td>\n\t\t\t\t<td>kW<\/td>\n\t\t\t\t<td>500<\/td>\n\t\t\t\t<td>800<\/td>\n\t\t\t\t<td>1000<\/td>\n\t\t\t<\/tr>\n\t\t\t<tr>\n\t\t\t\t<td>3.<\/td>\n\t\t\t\t<td colspan=\"2\">Powierz. grzewcza kot\u0142a<\/td>\n\t\t\t\t<td>m2<\/td>\n\t\t\t\t<td>60<\/td>\n\t\t\t\t<td>70<\/td>\n\t\t\t\t<td>70<\/td>\n\t\t\t<\/tr>\n\t\t\t<tr>\n\t\t\t\t<td>4.<\/td>\n\t\t\t\t<td colspan=\"2\">Orient. pow. ogrzewanych pomieszcze\u0144<\/td>\n\t\t\t\t<td>m2<\/td>\n\t\t\t\t<td>5500<\/td>\n\t\t\t\t<td>5500<\/td>\n\t\t\t\t<td>5500<\/td>\n\t\t\t<\/tr>\n\t\t\t<tr>\n\t\t\t\t<td>5.<\/td>\n\t\t\t\t<td colspan=\"2\">Paliwo podstawowe<\/td>\n\t\t\t\t<td><\/td>\n\t\t\t\t<td colspan=\"17\">W\u0119giel kamienny sortyment mia\u0142 KL 28\/9\/10 lub 22\/30\/13 wg PN-82\/C-97001-3<\/td>\n\t\t\t<\/tr>\n\t\t\t<tr>\n\t\t\t\t<td>6.<\/td>\n\t\t\t\t<td colspan=\"2\">Paliwo zast\u0119pcze<\/td>\n\t\t\t\t<td><\/td>\n\t\t\t\t<td colspan=\"17\">W\u0119giel kamienny sortyment mia\u0142 KL 23\/21\/14 lub 19\/30\/12 wg PN-82\/C-97001-3<\/td>\n\t\t\t<\/tr>\n\t\t\t<tr>\n\t\t\t\t<td>7.<\/td>\n\t\t\t\t<td colspan=\"2\">Orientacyjne zu\u017cycie paliwa (moc znamionowa) w UKS<\/td>\n\t\t\t\t<td>kg\/h<\/td>\n\t\t\t\t<td>110<\/td>\n\t\t\t\t<td>110<\/td>\n\t\t\t\t<td>110<\/td>\n\t\t\t<\/tr>\n\t\t\t<tr>\n\t\t\t\t<td>8.<\/td>\n\t\t\t\t<td colspan=\"2\">Maksymalny zasyp paliwa w UKS (UKS-zN)<\/td>\n\t\t\t\t<td>kg<\/td>\n\t\t\t\t<td>450<\/td>\n\t\t\t\t<td>500<\/td>\n\t\t\t\t<td>500<\/td>\n\t\t\t<\/tr>\n\t\t\t<tr>\n\t\t\t\t<td>9.<\/td>\n\t\t\t\t<td colspan=\"2\">Sprawno\u015b\u0107 energetyczna<\/td>\n\t\t\t\t<td>%<\/td>\n\t\t\t\t<td colspan=\"17\">74 - 80<\/td>\n\t\t\t<\/tr>\n\t\t\t<tr>\n\t\t\t\t<td>10.<\/td>\n\t\t\t\t<td colspan=\"2\">Max. ci\u015bnienie wody w kotle<\/td>\n\t\t\t\t<td>MPa<\/td>\n\t\t\t\t<td colspan=\"17\">0,1 - 0,15<\/td>\n\t\t\t<\/tr>\n\t\t\t<tr>\n\t\t\t\t<td>11.<\/td>\n\t\t\t\t<td colspan=\"2\">Maks. temp. wody w kotle<\/td>\n\t\t\t\t<td>\u00b0C<\/td>\n\t\t\t\t<td colspan=\"17\">90<\/td>\n\t\t\t<\/tr>\n\t\t\t<tr>\n\t\t\t\t<td>12.<\/td>\n\t\t\t\t<td colspan=\"2\">Wymagany ci\u0105g spalin<\/td>\n\t\t\t\t<td>Pa<\/td>\n\t\t\t\t<td>65 6,5<\/td>\n\t\t\t\t<td>70 7,0<\/td>\n\t\t\t\t<td>70 7,0<\/td>\n\t\t\t<\/tr>\n\t\t\t<tr>\n\t\t\t\t<td>13.<\/td>\n\t\t\t\t<td colspan=\"2\">Orient. wysoko\u015b\u0107 komina<\/td>\n\t\t\t\t<td>m<\/td>\n\t\t\t\t<td>12<\/td>\n\t\t\t\t<td>12<\/td>\n\t\t\t\t<td>12<\/td>\n\t\t\t<\/tr>\n\t\t\t<tr>\n\t\t\t\t<td rowspan=\"3\">14.<\/td>\n\t\t\t\t<td rowspan=\"3\">Orientacyjne gabarytowe wymiary kot\u0142a<\/td>\n\t\t\t\t<td>szeroko\u015b\u0107<\/td>\n\t\t\t\t<td rowspan=\"3\">cm<\/td>\n\t\t\t\t<td>250<\/td>\n\t\t\t\t<td>250<\/td>\n\t\t\t\t<td>250<\/td>\n\t\t\t<\/tr>\n\t\t\t<tr>\n\t\t\t\t<td>wysoko\u015b\u0107<\/td>\n\t\t\t\t<td>212<\/td>\n\t\t\t\t<td>212<\/td>\n\t\t\t\t<td>212<\/td>\n\t\t\t<\/tr>\n\t\t\t<tr>\n\t\t\t\t<td>d\u0142ugo\u015b\u0107<\/td>\n\t\t\t\t<td>325<\/td>\n\t\t\t\t<td>333<\/td>\n\t\t\t\t<td>333<\/td>\n\t\t\t<\/tr>\n\t\t<\/tbody>\n\t<\/table>\n<\/div>\n\n\t\t\t\t<\/div>\n\t\t\t\t<\/div>\n\t\t\t\t<\/div>\n\t\t<div class=\"elementor-element elementor-element-4e65c2d e-flex e-con-boxed e-con e-parent\" data-id=\"4e65c2d\" data-element_type=\"container\">\n\t\t\t\t\t<div class=\"e-con-inner\">\n\t\t\t\t<div class=\"elementor-element elementor-element-940be2d elementor-widget elementor-widget-spacer\" data-id=\"940be2d\" data-element_type=\"widget\" data-widget_type=\"spacer.default\">\n\t\t\t\t<div class=\"elementor-widget-container\">\n\t\t\t\t\t\t\t<div class=\"elementor-spacer\">\n\t\t\t<div class=\"elementor-spacer-inner\"><\/div>\n\t\t<\/div>\n\t\t\t\t\t\t<\/div>\n\t\t\t\t<\/div>\n\t\t\t\t\t<\/div>\n\t\t\t\t<\/div>\n\t\t\t\t<\/div>\n\t\t","protected":false},"excerpt":{"rendered":"<p>Kot\u0142y typu UKS-zN i UKS to grupa wysokiej jako\u015bci kot\u0142\u00f3w grzewczych przeznaczonych do wodnych instalacji.Konstrukcja kot\u0142\u00f3w \u0142\u0105czy dwa typy kot\u0142\u00f3w w jeden uniwersalny tj. kocio\u0142 typu UKS z kot\u0142em typu LAWA. Dzi\u0119ki takiemu rozwi\u0105zaniu\u00a0 w kot\u0142ach typu UKS , a tak\u017ce dzi\u0119ki zastosowaniu nadmuchu (sterownik mikroprocesorowy i dmuchawa) mo\u017cna pali\u0107 groszkiem. Zabrania si\u0119 palenia koksem.Eksploatacja [&hellip;]<\/p>\n","protected":false},"author":1,"featured_media":0,"parent":0,"menu_order":0,"comment_status":"closed","ping_status":"closed","template":"","meta":{"footnotes":""},"class_list":["post-638","page","type-page","status-publish","hentry"],"yoast_head":"<!-- This site is optimized with the Yoast SEO plugin v24.5 - https:\/\/yoast.com\/wordpress\/plugins\/seo\/ -->\n<title>Kot\u0142y wodne uniwersalne przemys\u0142owe - Kot\u0142y Lawa<\/title>\n<meta name=\"robots\" content=\"index, follow, max-snippet:-1, max-image-preview:large, max-video-preview:-1\" \/>\n<link rel=\"canonical\" href=\"https:\/\/www.kotlylawa.pl\/?page_id=638\" \/>\n<meta property=\"og:locale\" content=\"pl_PL\" \/>\n<meta property=\"og:type\" content=\"article\" \/>\n<meta property=\"og:title\" content=\"Kot\u0142y wodne uniwersalne przemys\u0142owe - Kot\u0142y Lawa\" \/>\n<meta property=\"og:description\" content=\"Kot\u0142y typu UKS-zN i UKS to grupa wysokiej jako\u015bci kot\u0142\u00f3w grzewczych przeznaczonych do wodnych instalacji.Konstrukcja kot\u0142\u00f3w \u0142\u0105czy dwa typy kot\u0142\u00f3w w jeden uniwersalny tj. kocio\u0142 typu UKS z kot\u0142em typu LAWA. Dzi\u0119ki takiemu rozwi\u0105zaniu\u00a0 w kot\u0142ach typu UKS , a tak\u017ce dzi\u0119ki zastosowaniu nadmuchu (sterownik mikroprocesorowy i dmuchawa) mo\u017cna pali\u0107 groszkiem. Zabrania si\u0119 palenia koksem.Eksploatacja [&hellip;]\" \/>\n<meta property=\"og:url\" content=\"https:\/\/www.kotlylawa.pl\/?page_id=638\" \/>\n<meta property=\"og:site_name\" content=\"Kot\u0142y Lawa\" \/>\n<meta property=\"article:modified_time\" content=\"2025-03-21T11:36:09+00:00\" \/>\n<meta property=\"og:image\" content=\"http:\/\/www.kotlylawa.pl\/wp-content\/uploads\/2025\/02\/Kociol_UKS_duzy_bez_AZSD-1024x864.png\" \/>\n<meta name=\"twitter:card\" content=\"summary_large_image\" \/>\n<meta name=\"twitter:label1\" content=\"Szacowany czas czytania\" \/>\n\t<meta name=\"twitter:data1\" content=\"3 minuty\" \/>\n<script type=\"application\/ld+json\" class=\"yoast-schema-graph\">{\"@context\":\"https:\/\/schema.org\",\"@graph\":[{\"@type\":\"WebPage\",\"@id\":\"https:\/\/www.kotlylawa.pl\/?page_id=638\",\"url\":\"https:\/\/www.kotlylawa.pl\/?page_id=638\",\"name\":\"Kot\u0142y wodne uniwersalne przemys\u0142owe - Kot\u0142y Lawa\",\"isPartOf\":{\"@id\":\"https:\/\/www.kotlylawa.pl\/#website\"},\"primaryImageOfPage\":{\"@id\":\"https:\/\/www.kotlylawa.pl\/?page_id=638#primaryimage\"},\"image\":{\"@id\":\"https:\/\/www.kotlylawa.pl\/?page_id=638#primaryimage\"},\"thumbnailUrl\":\"http:\/\/www.kotlylawa.pl\/wp-content\/uploads\/2025\/02\/Kociol_UKS_duzy_bez_AZSD-1024x864.png\",\"datePublished\":\"2025-02-27T09:59:22+00:00\",\"dateModified\":\"2025-03-21T11:36:09+00:00\",\"breadcrumb\":{\"@id\":\"https:\/\/www.kotlylawa.pl\/?page_id=638#breadcrumb\"},\"inLanguage\":\"pl-PL\",\"potentialAction\":[{\"@type\":\"ReadAction\",\"target\":[\"https:\/\/www.kotlylawa.pl\/?page_id=638\"]}]},{\"@type\":\"ImageObject\",\"inLanguage\":\"pl-PL\",\"@id\":\"https:\/\/www.kotlylawa.pl\/?page_id=638#primaryimage\",\"url\":\"http:\/\/www.kotlylawa.pl\/wp-content\/uploads\/2025\/02\/Kociol_UKS_duzy_bez_AZSD.png\",\"contentUrl\":\"http:\/\/www.kotlylawa.pl\/wp-content\/uploads\/2025\/02\/Kociol_UKS_duzy_bez_AZSD.png\",\"width\":1731,\"height\":1461},{\"@type\":\"BreadcrumbList\",\"@id\":\"https:\/\/www.kotlylawa.pl\/?page_id=638#breadcrumb\",\"itemListElement\":[{\"@type\":\"ListItem\",\"position\":1,\"name\":\"Home\",\"item\":\"https:\/\/www.kotlylawa.pl\/\"},{\"@type\":\"ListItem\",\"position\":2,\"name\":\"Kot\u0142y wodne uniwersalne przemys\u0142owe\"}]},{\"@type\":\"WebSite\",\"@id\":\"https:\/\/www.kotlylawa.pl\/#website\",\"url\":\"https:\/\/www.kotlylawa.pl\/\",\"name\":\"Kot\u0142y Lawa\",\"description\":\"Wysokiej jako\u015bci kot\u0142y grzewcze na paliwa sta\u0142e.\",\"potentialAction\":[{\"@type\":\"SearchAction\",\"target\":{\"@type\":\"EntryPoint\",\"urlTemplate\":\"https:\/\/www.kotlylawa.pl\/?s={search_term_string}\"},\"query-input\":{\"@type\":\"PropertyValueSpecification\",\"valueRequired\":true,\"valueName\":\"search_term_string\"}}],\"inLanguage\":\"pl-PL\"}]}<\/script>\n<!-- \/ Yoast SEO plugin. -->","yoast_head_json":{"title":"Kot\u0142y wodne uniwersalne przemys\u0142owe - Kot\u0142y Lawa","robots":{"index":"index","follow":"follow","max-snippet":"max-snippet:-1","max-image-preview":"max-image-preview:large","max-video-preview":"max-video-preview:-1"},"canonical":"https:\/\/www.kotlylawa.pl\/?page_id=638","og_locale":"pl_PL","og_type":"article","og_title":"Kot\u0142y wodne uniwersalne przemys\u0142owe - Kot\u0142y Lawa","og_description":"Kot\u0142y typu UKS-zN i UKS to grupa wysokiej jako\u015bci kot\u0142\u00f3w grzewczych przeznaczonych do wodnych instalacji.Konstrukcja kot\u0142\u00f3w \u0142\u0105czy dwa typy kot\u0142\u00f3w w jeden uniwersalny tj. kocio\u0142 typu UKS z kot\u0142em typu LAWA. Dzi\u0119ki takiemu rozwi\u0105zaniu\u00a0 w kot\u0142ach typu UKS , a tak\u017ce dzi\u0119ki zastosowaniu nadmuchu (sterownik mikroprocesorowy i dmuchawa) mo\u017cna pali\u0107 groszkiem. Zabrania si\u0119 palenia koksem.Eksploatacja [&hellip;]","og_url":"https:\/\/www.kotlylawa.pl\/?page_id=638","og_site_name":"Kot\u0142y Lawa","article_modified_time":"2025-03-21T11:36:09+00:00","og_image":[{"url":"http:\/\/www.kotlylawa.pl\/wp-content\/uploads\/2025\/02\/Kociol_UKS_duzy_bez_AZSD-1024x864.png","type":"","width":"","height":""}],"twitter_card":"summary_large_image","twitter_misc":{"Szacowany czas czytania":"3 minuty"},"schema":{"@context":"https:\/\/schema.org","@graph":[{"@type":"WebPage","@id":"https:\/\/www.kotlylawa.pl\/?page_id=638","url":"https:\/\/www.kotlylawa.pl\/?page_id=638","name":"Kot\u0142y wodne uniwersalne przemys\u0142owe - Kot\u0142y Lawa","isPartOf":{"@id":"https:\/\/www.kotlylawa.pl\/#website"},"primaryImageOfPage":{"@id":"https:\/\/www.kotlylawa.pl\/?page_id=638#primaryimage"},"image":{"@id":"https:\/\/www.kotlylawa.pl\/?page_id=638#primaryimage"},"thumbnailUrl":"http:\/\/www.kotlylawa.pl\/wp-content\/uploads\/2025\/02\/Kociol_UKS_duzy_bez_AZSD-1024x864.png","datePublished":"2025-02-27T09:59:22+00:00","dateModified":"2025-03-21T11:36:09+00:00","breadcrumb":{"@id":"https:\/\/www.kotlylawa.pl\/?page_id=638#breadcrumb"},"inLanguage":"pl-PL","potentialAction":[{"@type":"ReadAction","target":["https:\/\/www.kotlylawa.pl\/?page_id=638"]}]},{"@type":"ImageObject","inLanguage":"pl-PL","@id":"https:\/\/www.kotlylawa.pl\/?page_id=638#primaryimage","url":"http:\/\/www.kotlylawa.pl\/wp-content\/uploads\/2025\/02\/Kociol_UKS_duzy_bez_AZSD.png","contentUrl":"http:\/\/www.kotlylawa.pl\/wp-content\/uploads\/2025\/02\/Kociol_UKS_duzy_bez_AZSD.png","width":1731,"height":1461},{"@type":"BreadcrumbList","@id":"https:\/\/www.kotlylawa.pl\/?page_id=638#breadcrumb","itemListElement":[{"@type":"ListItem","position":1,"name":"Home","item":"https:\/\/www.kotlylawa.pl\/"},{"@type":"ListItem","position":2,"name":"Kot\u0142y wodne uniwersalne przemys\u0142owe"}]},{"@type":"WebSite","@id":"https:\/\/www.kotlylawa.pl\/#website","url":"https:\/\/www.kotlylawa.pl\/","name":"Kot\u0142y Lawa","description":"Wysokiej jako\u015bci kot\u0142y grzewcze na paliwa sta\u0142e.","potentialAction":[{"@type":"SearchAction","target":{"@type":"EntryPoint","urlTemplate":"https:\/\/www.kotlylawa.pl\/?s={search_term_string}"},"query-input":{"@type":"PropertyValueSpecification","valueRequired":true,"valueName":"search_term_string"}}],"inLanguage":"pl-PL"}]}},"_links":{"self":[{"href":"http:\/\/www.kotlylawa.pl\/index.php?rest_route=\/wp\/v2\/pages\/638","targetHints":{"allow":["GET"]}}],"collection":[{"href":"http:\/\/www.kotlylawa.pl\/index.php?rest_route=\/wp\/v2\/pages"}],"about":[{"href":"http:\/\/www.kotlylawa.pl\/index.php?rest_route=\/wp\/v2\/types\/page"}],"author":[{"embeddable":true,"href":"http:\/\/www.kotlylawa.pl\/index.php?rest_route=\/wp\/v2\/users\/1"}],"replies":[{"embeddable":true,"href":"http:\/\/www.kotlylawa.pl\/index.php?rest_route=%2Fwp%2Fv2%2Fcomments&post=638"}],"version-history":[{"count":46,"href":"http:\/\/www.kotlylawa.pl\/index.php?rest_route=\/wp\/v2\/pages\/638\/revisions"}],"predecessor-version":[{"id":892,"href":"http:\/\/www.kotlylawa.pl\/index.php?rest_route=\/wp\/v2\/pages\/638\/revisions\/892"}],"wp:attachment":[{"href":"http:\/\/www.kotlylawa.pl\/index.php?rest_route=%2Fwp%2Fv2%2Fmedia&parent=638"}],"curies":[{"name":"wp","href":"https:\/\/api.w.org\/{rel}","templated":true}]}}